ens digit of n(x)?
3
Let f(g) = 3*g - 2. Suppose 0 = -5*l - 3*i + 32, -3*l + 4*i - 8 = -l. What is the tens digit of f(l)?
1
Let f be 3 + -3 - (2 - 0). What is the units digit of 3 - (-1)/(f/(-2))?
4
What is the units digit of (-93)/(-2)*5/15*2?
1
Suppose -3*l + 4*l - 2 = 0. Let n(a) = -a**3 - 3*a + 0*a**l + 1 + 10*a + 5*a**2. What is the units digit of n(6)?
7
Let g = 42 - 38. What is the units digit of g?
4
What is the hundreds digit of 2 + ((-3)/(-6)*514 - 0)?
2
Let y(b) = b**3 - 11*b**2 + 12*b - 4. Let q = 7 - 3. Suppose -q*d = 18 - 58. What is the tens digit of y(d)?
1
Let u = 284 - 180. Suppose 4*c - 98 = 2*n, 3*c - u = -c + 4*n. What is the tens digit of c?
2
Let u be 21/(-2)*(-24)/(-18). Suppose -6*h - 130 = -h. Let a = u - h. What is the tens digit of a?
1
Let t(c) = 7*c**2 + 12*c + 6. What is the units digit of t(-5)?
1
Let i = -3 - -5. Suppose l + i = -l. Let d = 7 - l. What is the units digit of d?
8
Let t be (-13)/(-3) - 6/(-9). Let n(j) = -j + 20. Let y be n(0). Suppose t*a - y - 40 = 0. What is the units digit of a?
2
Let y = -2 - -3. Let g = y - -4. Suppose 29 = g*t - 36. What is the tens digit of t?
1
Let y(k) = k**2 + 7*k - 6. Let h be y(-8). Suppose 0 = -h*j - 2*b - 0*b + 36, j = 2*b + 6. What is the tens digit of j?
1
Let a = 19 - 15. Let l(v) = v - 9. Let c(z) = -2*z + 14. Let k(h) = -5*c(h) - 8*l(h). What is the tens digit of k(a)?
1
Let y be ((-1)/((-3)/(-150)))/(-1). Suppose 0 = -2*d - 3*d - y. Let r = 23 + d. What is the tens digit of r?
1
Suppose -3*q - 2*z + 635 = 0, -3*z - 657 = -4*q + 184. What is the tens digit of q?
1
Suppose -102 = q - 2*q. What is the tens digit of q?
0
Let h(v) = -v**2 - 4*v + 7. Let x be h(-5). Suppose z + 14 = s - 0*s, x*s + 3*z = 18. What is the units digit of s?
2
Let v(w) = w**2 + 2*w - 3. Let y be v(2). Let s(j) = 0 + 5 - j + y. What is the units digit of s(8)?
2
Let j(s) = -s - 4. Let a be j(-5). Suppose -r + 3 = -4*r. Let f = a - r. What is the units digit of f?
2
Suppose -2*g - 1 = -2*i + g, -5*g = -25. Let t = -1 + i. What is the units digit of t?
7
Let n be (24/30)/(2/(-5)). What is the units digit of (4 + n)/(2/4)?
4
Suppose -7*k - 96 = 9. Let m = -53 - -88. Let v = k + m. What is the tens digit of v?
2
Let g(k) = k**3 + 7*k**2 + 3*k - 6. What is the units digit of g(-6)?
2
Let j(a) = -3*a + 0*a**2 - 6 + 1 + 2*a**2 + 1. Let i be j(3). Let t(z) = z**3 - 3*z**2 - 7*z - 2. What is the units digit of t(i)?
3
Let k be 19 - (-1 + 1 - 3). Suppose 0 = -0*p + 2*p - k. What is the units digit of p?
1
Let p(v) = -6*v - 12. Let z be p(-8). Suppose f = -b - f + 4, -3*b + z = -2*f. What is the tens digit of b?
1
Let b = 17 + -13. Suppose 75 = y + b*y. What is the units digit of y?
5
Let f(p) = -p**2 - 18*p - 18. Let y be (-4 + 25)*(-8)/12. What is the tens digit of f(y)?
3
Let u(i) = -i**3 - 2*i**2 + 6*i + 3. What is the tens digit of u(-4)?
1
Let l(p) = p**3 - 4*p**2 + 2*p + 4. Let i be l(4). Suppose 6 = 3*g - i. Suppose s = 5*y + g*s - 55, -3*s = -3*y + 21. What is the units digit of y?
9
Let a be 1/2 - 2/(-4). Let c be 2*2*9/(-6). What is the units digit of 15/c*-2 + a?
6
Let h be (-324)/(-10) - (-4)/(-10). Suppose 5*c - h = 28. What is the tens digit of c?
1
Suppose -3*n + 972 - 258 = 0. What is the units digit of n?
8
What is the units digit of 1 - (-4 + (-408)/4)?
7
Let k = -18 - -36. What is the tens digit of k?
1
Let w(t) = -6*t**2 - 2. Let r(b) = -5*b**2 - b - 2. Let g(o) = -5*r(o) + 4*w(o). What is the units digit of g(-7)?
6
Let k(b) = b**2 - 6*b. Let l be k(5). Suppose 3*x = 4*x - 2*f - 10, -2*x = 2*f - 26. Let q = l + x. What is the units digit of q?
7
Let c(a) = -a**3 + a + 5. Let b be c(0). What is the tens digit of (-15)/b - (-19)/1?
1
Suppose 3*l + 46 - 214 = 0. What is the units digit of l?
6
Let x(m) = m**3 + 2*m**3 - 5*m**3 + 4*m**2 + m**3 - 2 - m. Let j = -8 - -11. What is the units digit of x(j)?
4
Suppose 0 = 3*t - 24 + 6. Let r(l) = -l + 6. Let x be r(t). Suppose -7 = -j - x. What is the units digit of j?
7
Let i = -15 - -17. Let p(h) = h**2. What is the units digit of p(i)?
4
Let j(m) be the second derivative of 2*m**3/3 - 3*m**2/2 + 2*m. Let b be j(2). What is the units digit of (b/(-10))/((-1)/12)?
6
Suppose 4*d + z = 4, 5*d + 2*z + 1 = 3. What is the units digit of (-268)/(-20) - d/5?
3
Let z(i) = i + 98. What is the tens digit of z(0)?
9
Let j(f) be the first derivative of -f**3/3 - f**2/2 + f + 4. Let u be j(2). What is the tens digit of 0 + u*(0 - 2)?
1
Let p(c) = 15*c. What is the tens digit of p(3)?
4
Let l(n) = n**2 - 1. Let q be l(2). Let j(f) = f**3 - 4 - 5 + 9*f**2 - 2*f**2 - q*f. What is the units digit of j(-7)?
2
Let p(o) be the third derivative of o**5/60 + o**4/12 - 2*o**3/3 + o**2. What is the tens digit of p(3)?
1
Suppose 0 = 3*r - 4 - 8. What is the units digit of r?
4
Let u = -2 - -6. Suppose -5*k = 3*g - 14, 0*g + 40 = u*g - 4*k. Let m = -1 + g. What is the units digit of m?
7
Let u(x) = x + 1. Let o(d) = -4*d - 14. Let t(j) = -o(j) - 5*u(j). What is the units digit of t(0)?
9
Let s = 15 - 27. Let q(n) = -n**3 - 12*n**2 - 3*n. What is the units digit of q(s)?
6
What is the units digit of 4/(-6)*48/(-4)?
8
Suppose 2*r = -4*r + 300. Suppose -5*d = -4*d - r. What is the tens digit of d?
5
Suppose -53*k = -54*k + 49. What is the units digit of k?
9
Suppose 0 = -3*x + 4*x + 5*w - 88, -3*w + 300 = 3*x. What is the units digit of x?
3
Suppose 0 = -10*o + 7*o + 6. What is the units digit of o?
2
Let c(t) = 4*t**3 - 2*t**2 + t. Let z = 9 + -8. What is the units digit of c(z)?
3
Let i be 5/(-2)*(-4)/5. Suppose -v = -4*k - 88, 4*v + 156 = i*k + 508. What is the units digit of v/12*(-3)/(-2)?
1
Let n be (-14)/(-3) + (-4)/6. Let k be (-972)/(-21) + n/(-14). Suppose -t = 4*c + t - k, 24 = c + 3*t. What is the units digit of c?
9
Let g be (6/(-4))/((-1)/(-22)). Let l = g - -52. Let h = l + -9. What is the tens digit of h?
1
Suppose -2 - 3 = 5*f. Let t = f - -8. What is the units digit of t?
7
What is the tens digit of (-5 + 1)*(-2)/(8/83)?
8
Let x(h) = -h**3 + 2*h**2 + 2*h - 3. Let v(u) = -u**3 + u**2 + 2*u - 2. Let z(r) = 3*v(r) - 2*x(r). What is the tens digit of z(-3)?
1
Let r be (-6)/((8/(-2))/2). What is the units digit of 3/(-2)*(-76)/r?
8
Let o(t) = t**3 + 6*t**2 - t + 8. Let v be o(-6). Suppose -4*q + v = -14. What is the units digit of q?
7
Suppose -f - 4*b + 32 = f, -5*b - 50 = -5*f. Suppose o = -2*a - 2 + 8, o + 5*a - 12 = 0. Suppose -o*z + 7 = 5*p, p - f = 3*z + 3. What is the units digit of p?
3
Let c(y) be the third derivative of -y**5/60 - y**4/24 + 7*y**3/6 + y**2. Let g(i) = i**2 - 8. Let u(t) = 3*c(t) + 2*g(t). What is the units digit of u(-4)?
1
Let q(a) = a + 6. Suppose 0*w = -4*w - 32. Let x = w - -14. What is the units digit of q(x)?
2
Suppose 3*b - 4*b = -1. What is the units digit of b?
1
Suppose 4*v = -4*u - v + 12, -2*v = 2*u - 6. Let s(f) = -f**2 + f + 9. Let p be s(0). What is the units digit of u + -2 + p + 2?
2
Let u = 7 + 1. Let g be (-24)/(-40) - (-16)/(-10). Let b = u - g. What is the units digit of b?
9
Let r be 3 + 1 + -1*1. Let b(v) = 2*v - 3 + r*v + v**2 - 2*v. What is the units digit of b(-4)?
1
Suppose -2*l + 5 = -1. Suppose -n + 2 + l = 0. Suppose 4*g - 4*p + n + 7 = 0, 0 = g + 3*p - 17. What is the units digit of g?
2
Let v be (-2)/6 + (-1115)/(-15). Let f = v + -28. What is the tens digit of f?
4
Let s(u) = -u**2 + 2*u + 2. Let r be s(2). Suppose r*y = 4*v + 16, -3*v = 4*y - 0*y - 54. What is the tens digit of y?
1
Suppose -w = 4*w - 315. What is the tens digit of w?
6
Let y = -1 - -4. Suppose -2*o = y*a - 2, -5*a - o + 2 = o. Suppose a = 5*w - 2*w - 39. What is the tens digit of w?
1
Suppose n + 7*t - 2*t + 51 = 0, 0 = -2*n - t - 66. Let s = n + 19. What is the units digit of (-2)/10 - s/10?
1
Let u(s) = -s + 9. What is the tens digit of u(-11)?
2
Let f be (-9)/(-4) - 3/12. Suppose 0 = -s - s + 10. Suppose o + s*u + 5 = 2*u, -4*o + f*u = -50. What is the tens digit of o?
1
Let m be 2/(-6) + 48/9. Suppose 2*w + 2*w = m*g - 38, 5*w + 2*g = -31. What is the units digit of (-14)/49 - 44/w?
6
Suppose 0 = 10*v + 1063 - 3983. What is the units digit of v?
2
What is the tens digit of (-2 + (-272)/(-40))/((-2)/(-145))?
4
Let r = -2 - -4. Let w be (8 + -6)*(r - 1). Suppose -w*p = -4 - 6. What is the units digit of p?
5
Let m(x